{"id":239,"date":"2023-06-15T16:06:00","date_gmt":"2023-06-15T19:06:00","guid":{"rendered":"https:\/\/www.itirapina.sp.gov.br\/portal\/?page_id=239"},"modified":"2025-07-04T15:14:32","modified_gmt":"2025-07-04T18:14:32","slug":"acesso-a-informacao","status":"publish","type":"page","link":"https:\/\/www.itirapina.sp.gov.br\/portal\/acesso-a-informacao\/","title":{"rendered":"Acesso a Informa\u00e7\u00e3o"},"content":{"rendered":"\n<h2 class=\"wp-block-heading\">Saiba mais sobre:<\/h2>\n\n\n\n<div class=\"wp-block-buttons is-layout-flex wp-block-buttons-is-layout-flex\">\n<div class=\"wp-block-button is-style-outline is-style-outline--1\"><a class=\"wp-block-button__link has-vivid-cyan-blue-color has-text-color has-link-color wp-element-button\" href=\"https:\/\/www.itirapina.sp.gov.br\/portal\/a-cidade\/\" target=\"_blank\" rel=\"noreferrer noopener\">A CIDADE<\/a><\/div>\n\n\n\n<div class=\"wp-block-button is-style-outline is-style-outline--2\"><a class=\"wp-block-button__link has-vivid-cyan-blue-color has-text-color has-link-color wp-element-button\" href=\"https:\/\/www.itirapina.sp.gov.br\/portal\/acessibilidade\/\" target=\"_blank\" rel=\"noreferrer noopener\">ACESSIBILIDADE<\/a><\/div>\n\n\n\n<div class=\"wp-block-button is-style-outline is-style-outline--3\"><a class=\"wp-block-button__link has-vivid-cyan-blue-color has-text-color has-link-color wp-element-button\" href=\"https:\/\/www.itirapina.sp.gov.br\/portal\/documentos\/banco-de-dados-ambiental\/\" target=\"_blank\" rel=\"noreferrer noopener\">BANCO DE DADOS AMBIENTAL<\/a><\/div>\n\n\n\n<div class=\"wp-block-button is-style-outline is-style-outline--4\"><a class=\"wp-block-button__link has-vivid-cyan-blue-color has-text-color has-link-color wp-element-button\" href=\"https:\/\/www.itirapina.sp.gov.br\/portal\/cadastramento-cultural-2023\/\" target=\"_blank\" rel=\"noreferrer noopener\">CADASTRAMENTO CULTURAL 2023<\/a><\/div>\n\n\n\n<div class=\"wp-block-button is-style-outline is-style-outline--5\"><a class=\"wp-block-button__link has-vivid-cyan-blue-color has-text-color has-link-color wp-element-button\" href=\"https:\/\/www.itirapina.sp.gov.br\/portal\/carta-de-servico-ao-usuario\/\" target=\"_blank\" rel=\"noreferrer noopener\">CARTA DE SERVI\u00c7OS AO USU\u00c1RIO<\/a><\/div>\n\n\n\n<div class=\"wp-block-button is-style-outline is-style-outline--6\"><a class=\"wp-block-button__link has-vivid-cyan-blue-color has-text-color has-link-color wp-element-button\" href=\"https:\/\/www.itirapina.sp.gov.br\/portal\/dipam-declaracao-para-o-indice-de-participacao-dos-municipios-no-icms\/\" target=\"_blank\" rel=\"noreferrer noopener\">DIPAM<\/a><\/div>\n\n\n\n<div class=\"wp-block-button is-style-outline is-style-outline--7\"><a class=\"wp-block-button__link has-vivid-cyan-blue-color has-text-color has-link-color wp-element-button\" href=\"https:\/\/www.itirapina.sp.gov.br\/portal\/dipam-a-declaracao-do-produtor-rural\/\" target=\"_blank\" rel=\"noreferrer noopener\">DIPAM &#8211; A<\/a><\/div>\n\n\n\n<div class=\"wp-block-button is-style-outline is-style-outline--8\"><a class=\"wp-block-button__link has-vivid-cyan-blue-color has-text-color has-link-color wp-element-button\" href=\"https:\/\/www.itirapina.sp.gov.br\/portal\/documentos\/documentos-publicos\/\" target=\"_blank\" rel=\"noreferrer noopener\">DOCUMENTOS P\u00daBLICOS<\/a><\/div>\n\n\n\n<div class=\"wp-block-button is-style-outline is-style-outline--9\"><a class=\"wp-block-button__link has-vivid-cyan-blue-color has-text-color has-link-color wp-element-button\" href=\"https:\/\/www.itirapina.sp.gov.br\/portal\/documentos\/entidades\/\" target=\"_blank\" rel=\"noreferrer noopener\">ENTIDADES<\/a><\/div>\n\n\n\n<div class=\"wp-block-button is-style-outline is-style-outline--10\"><a class=\"wp-block-button__link has-vivid-cyan-blue-color has-text-color has-link-color wp-element-button\" href=\"https:\/\/leideacesso.etransparencia.com.br\/esic\/wp_login.aspx?3523602,1\" target=\"_blank\" rel=\"noreferrer noopener\">E-SIC<\/a><\/div>\n\n\n\n<div class=\"wp-block-button is-style-outline is-style-outline--11\"><a class=\"wp-block-button__link has-vivid-cyan-blue-color has-text-color has-link-color wp-element-button\" href=\"https:\/\/www.itirapina.sp.gov.br\/portal\/itr-imposto-sobre-propriedade-rural\/\" target=\"_blank\" rel=\"noreferrer noopener\">ITR<\/a><\/div>\n\n\n\n<div class=\"wp-block-button is-style-outline is-style-outline--12\"><a class=\"wp-block-button__link has-vivid-cyan-blue-color has-text-color has-link-color wp-element-button\" href=\"https:\/\/www.itirapina.sp.gov.br\/portal\/mapa-do-site\/\" target=\"_blank\" rel=\"noreferrer noopener\">MAPA DO SITE<\/a><\/div>\n\n\n\n<div class=\"wp-block-button is-style-outline is-style-outline--13\"><a class=\"wp-block-button__link has-vivid-cyan-blue-color has-text-color has-link-color wp-element-button\" href=\"https:\/\/www.itirapina.sp.gov.br\/portal\/perguntas-mais-frequentes-2\/\" target=\"_blank\" rel=\"noreferrer noopener\">PERGUNTAS FREQUENTES<\/a><\/div>\n\n\n\n<div class=\"wp-block-button is-style-outline is-style-outline--14\"><a class=\"wp-block-button__link has-vivid-cyan-blue-color has-text-color has-link-color wp-element-button\" href=\"https:\/\/www.itirapina.sp.gov.br\/portal\/documentos\/planos-municipais\/\" target=\"_blank\" rel=\"noreferrer noopener\">PLANOS MUNICIPAIS<\/a><\/div>\n\n\n\n<div class=\"wp-block-button is-style-outline is-style-outline--15\"><a class=\"wp-block-button__link has-vivid-cyan-blue-color has-text-color has-link-color wp-element-button\" href=\"https:\/\/www.itirapina.sp.gov.br\/portal\/politica-de-privacidade\/\" target=\"_blank\" rel=\"noreferrer noopener\">POL\u00cdTICA DE PRIVACIDADE<\/a><\/div>\n\n\n\n<div class=\"wp-block-button is-style-outline is-style-outline--16\"><a class=\"wp-block-button__link has-vivid-cyan-blue-color has-text-color has-link-color wp-element-button\" href=\"https:\/\/www.itirapina.sp.gov.br\/portal\/documentos\/catalogo-de-servicos-rede-socioassistencial-2025\/\" target=\"_blank\" rel=\"noreferrer noopener\">CAT\u00c1LOGO DE SERVI\u00c7OS &#8211; REDE SOCIOASSISTENCIAL &#8211; 2025<\/a><\/div>\n<\/div>\n\n\n\n<div style=\"height:40px\" aria-hidden=\"true\" class=\"wp-block-spacer\"><\/div>\n\n\n\n<h2 class=\"wp-block-heading\">Transpar\u00eancia<\/h2>\n\n\n\n<p class=\"wp-block-paragraph\">Atualmente, \u00e9 grande o movimento em prol da transpar\u00eancia governamental e da participa\u00e7\u00e3o da sociedade na gest\u00e3o p\u00fablica. Grandes eventos e estudos tem sido realizados, bem como a legisla\u00e7\u00e3o vem se aprimorando no sentido de permitir ao cidad\u00e3o uma situa\u00e7\u00e3o de respeito quando o assunto \u00e9 fiscaliza\u00e7\u00e3o do gasto p\u00fablico e implementa\u00e7\u00e3o de pol\u00edticas.<\/p>\n\n\n\n<p class=\"wp-block-paragraph\">No dia 16 de maio de 2012, entrou em vigor a Lei Federal n\u00ba 12.527 \u2013 Lei de Acesso \u00e0 Informa\u00e7\u00e3o, sancionada em 18 de novembro de 2011 pela Presidenta Dilma Rousseff. A Lei regulamenta o direito constitucional de acesso dos cidad\u00e3os \u00e0s informa\u00e7\u00f5es p\u00fablicas e \u00e9 aplic\u00e1vel aos tr\u00eas Poderes da Uni\u00e3o, dos Estados, do Distrito Federal e dos Munic\u00edpios.<\/p>\n\n\n\n<p class=\"wp-block-paragraph\">A Prefeitura de Itirapina j\u00e1 oferece ao cidad\u00e3o uma s\u00e9rie de informa\u00e7\u00f5es referentes \u00e0s receitas e despesas municipais, no Portal da Transpar\u00eancia:<\/p>\n\n\n\n<p class=\"wp-block-paragraph\"><a href=\"http:\/\/leideacesso.etransparencia.com.br\/esic\/wp_login.aspx?3523602,1\" target=\"_blank\" rel=\"noreferrer noopener\"><strong>Clique aqui para acessar o e-SIC<\/strong><\/a><\/p>\n\n\n\n<p class=\"wp-block-paragraph\">A Transpar\u00eancia Passiva consiste no pedido de informa\u00e7\u00f5es n\u00e3o inseridas na Internet, solicitadas por meio f\u00edsico, virtual, telef\u00f4nico ou por correspond\u00eancia.<\/p>\n\n\n\n<p class=\"wp-block-paragraph\">O cidad\u00e3o poder\u00e1 efetuar o pedido de acesso \u00e0 informa\u00e7\u00f5es por meio dos seguintes canais:<\/p>\n\n\n\n<h2 class=\"wp-block-heading\"><strong>Servi\u00e7o de Informa\u00e7\u00e3o ao Cidad\u00e3o<\/strong><\/h2>\n\n\n\n<p class=\"wp-block-paragraph\"><strong>I \u2013 eletronico \/ e-SIC:<\/strong><br>Sistema Eletr\u00f4nico do Servi\u00e7o de Informa\u00e7\u00f5es ao Cidad\u00e3o, ferramenta via web de f\u00e1cil acesso e aberto ao p\u00fablico.<br><a href=\"http:\/\/leideacesso.etransparencia.com.br\/esic\/wp_login.aspx?3523602,1\" target=\"_blank\" rel=\"noreferrer noopener\">Clique aqui e fa\u00e7a seu cadastro.<\/a><br><a href=\"http:\/\/leideacesso.etransparencia.com.br\/esic\/wp_login.aspx?3523602,1\" target=\"_blank\" rel=\"noreferrer noopener\"><br><\/a><strong>II \u2013 telef\u00f4nico \/ SIC:<\/strong><br>Atrav\u00e9s do telefone (16) 3575-9000<br>De segunda a sexta-feira, das 8h00 \u00e0s 17h00<\/p>\n\n\n\n<p class=\"wp-block-paragraph\"><strong>III \u2013 f\u00edsico \u2013 SIC:<\/strong><br>Atrav\u00e9s do endere\u00e7o:<br>Servi\u00e7o de Informa\u00e7\u00f5es ao Cidad\u00e3o<br>Endere\u00e7o: Avenida Hum, n\u00ba 106 &#8211; Centro<br>Telefone: (16) 3575-9000<br>Pa\u00e7o Municipal (junto ao Protocolo)<br>De segunda a sexta-feira, das 13h00 \u00e0s 17h00<\/p>\n\n\n\n<p class=\"wp-block-paragraph\"><strong>IV \u2013 correspond\u00eancia:<\/strong><br>Atrav\u00e9s do endere\u00e7o:<br>Servi\u00e7o de Informa\u00e7\u00f5es ao Cidad\u00e3o<br>Endere\u00e7o: Avenida Hum, n\u00ba 106 &#8211; Centro<br>CEP:13530-000<\/p>\n\n\n\n<h3 class=\"wp-block-heading\"><strong>Conhe\u00e7a a legisla\u00e7\u00e3o federal sobre o tema:<\/strong><\/h3>\n\n\n\n<p class=\"wp-block-paragraph\"><a rel=\"noreferrer noopener\" href=\"http:\/\/www.planalto.gov.br\/ccivil_03\/_Ato2011-2014\/2011\/Lei\/L12527.htm\" target=\"_blank\">Lei Federal de Acesso \u00e0 Informa\u00e7\u00e3o \u2013 texto na \u00edntegra<\/a><\/p>\n","protected":false},"excerpt":{"rendered":"<p>Saiba mais sobre: Transpar\u00eancia Atualmente, \u00e9 grande o movimento em prol da transpar\u00eancia governamental e da participa\u00e7\u00e3o da sociedade na gest\u00e3o p\u00fablica. Grandes eventos e estudos tem sido realizados, bem como a legisla\u00e7\u00e3o vem se aprimorando no sentido de permitir ao cidad\u00e3o uma situa\u00e7\u00e3o de respeito quando o assunto \u00e9 fiscaliza\u00e7\u00e3o do gasto p\u00fablico e implementa\u00e7\u00e3o de pol\u00edticas. No dia 16 de maio de 2012, entrou em vigor a Lei Federal n\u00ba 12.527 \u2013 Lei de Acesso \u00e0 Informa\u00e7\u00e3o, sancionada em 18 de novembro de 2011 pela Presidenta Dilma Rousseff. A Lei regulamenta o direito constitucional de acesso dos cidad\u00e3os \u00e0s informa\u00e7\u00f5es p\u00fablicas e \u00e9 aplic\u00e1vel aos tr\u00eas Poderes da Uni\u00e3o, dos Estados, do Distrito Federal e dos Munic\u00edpios. A Prefeitura de Itirapina j\u00e1 oferece ao cidad\u00e3o uma s\u00e9rie de informa\u00e7\u00f5es referentes \u00e0s receitas e despesas municipais, no Portal da Transpar\u00eancia: Clique aqui para acessar o e-SIC A Transpar\u00eancia Passiva consiste no pedido de informa\u00e7\u00f5es n\u00e3o inseridas na Internet, solicitadas por meio f\u00edsico, virtual, telef\u00f4nico ou por correspond\u00eancia. O cidad\u00e3o poder\u00e1 efetuar o pedido de acesso \u00e0 informa\u00e7\u00f5es por meio dos seguintes canais: Servi\u00e7o de Informa\u00e7\u00e3o ao Cidad\u00e3o I \u2013 eletronico \/ e-SIC:Sistema Eletr\u00f4nico do Servi\u00e7o de Informa\u00e7\u00f5es ao Cidad\u00e3o, ferramenta via web de f\u00e1cil acesso e aberto ao p\u00fablico.Clique aqui e fa\u00e7a seu cadastro.II \u2013 telef\u00f4nico \/ SIC:Atrav\u00e9s do telefone (16) 3575-9000De segunda a sexta-feira, das 8h00 \u00e0s 17h00 III \u2013 f\u00edsico \u2013 SIC:Atrav\u00e9s do endere\u00e7o:Servi\u00e7o de Informa\u00e7\u00f5es ao Cidad\u00e3oEndere\u00e7o: Avenida Hum, n\u00ba 106 &#8211; CentroTelefone: (16) 3575-9000Pa\u00e7o Municipal (junto ao Protocolo)De segunda a sexta-feira, das 13h00 \u00e0s 17h00 IV \u2013 correspond\u00eancia:Atrav\u00e9s do endere\u00e7o:Servi\u00e7o de Informa\u00e7\u00f5es ao Cidad\u00e3oEndere\u00e7o: Avenida Hum, n\u00ba 106 &#8211; CentroCEP:13530-000 Conhe\u00e7a a legisla\u00e7\u00e3o federal sobre o tema: Lei Federal de Acesso \u00e0 Informa\u00e7\u00e3o \u2013 texto na \u00edntegra<\/p>\n","protected":false},"author":1,"featured_media":0,"parent":0,"menu_order":0,"comment_status":"closed","ping_status":"closed","template":"","meta":{"_crdt_document":"","footnotes":""},"class_list":["post-239","page","type-page","status-publish","hentry"],"yoast_head":"<!-- This site is optimized with the Yoast SEO plugin v27.4 - https:\/\/yoast.com\/product\/yoast-seo-wordpress\/ -->\n<title>Acesso a Informa\u00e7\u00e3o - Prefeitura Municipal de Itirapina<\/title>\n<meta name=\"robots\" content=\"index, follow, max-snippet:-1, max-image-preview:large, max-video-preview:-1\" \/>\n<link rel=\"canonical\" href=\"https:\/\/www.itirapina.sp.gov.br\/portal\/acesso-a-informacao\/\" \/>\n<meta property=\"og:locale\" content=\"pt_BR\" \/>\n<meta property=\"og:type\" content=\"article\" \/>\n<meta property=\"og:title\" content=\"Acesso a Informa\u00e7\u00e3o - Prefeitura Municipal de Itirapina\" \/>\n<meta property=\"og:description\" content=\"Saiba mais sobre: Transpar\u00eancia Atualmente, \u00e9 grande o movimento em prol da transpar\u00eancia governamental e da participa\u00e7\u00e3o da sociedade na gest\u00e3o p\u00fablica. Grandes eventos e estudos tem sido realizados, bem como a legisla\u00e7\u00e3o vem se aprimorando no sentido de permitir ao cidad\u00e3o uma situa\u00e7\u00e3o de respeito quando o assunto \u00e9 fiscaliza\u00e7\u00e3o do gasto p\u00fablico e implementa\u00e7\u00e3o de pol\u00edticas. No dia 16 de maio de 2012, entrou em vigor a Lei Federal n\u00ba 12.527 \u2013 Lei de Acesso \u00e0 Informa\u00e7\u00e3o, sancionada em 18 de novembro de 2011 pela Presidenta Dilma Rousseff. A Lei regulamenta o direito constitucional de acesso dos cidad\u00e3os \u00e0s informa\u00e7\u00f5es p\u00fablicas e \u00e9 aplic\u00e1vel aos tr\u00eas Poderes da Uni\u00e3o, dos Estados, do Distrito Federal e dos Munic\u00edpios. A Prefeitura de Itirapina j\u00e1 oferece ao cidad\u00e3o uma s\u00e9rie de informa\u00e7\u00f5es referentes \u00e0s receitas e despesas municipais, no Portal da Transpar\u00eancia: Clique aqui para acessar o e-SIC A Transpar\u00eancia Passiva consiste no pedido de informa\u00e7\u00f5es n\u00e3o inseridas na Internet, solicitadas por meio f\u00edsico, virtual, telef\u00f4nico ou por correspond\u00eancia. O cidad\u00e3o poder\u00e1 efetuar o pedido de acesso \u00e0 informa\u00e7\u00f5es por meio dos seguintes canais: Servi\u00e7o de Informa\u00e7\u00e3o ao Cidad\u00e3o I \u2013 eletronico \/ e-SIC:Sistema Eletr\u00f4nico do Servi\u00e7o de Informa\u00e7\u00f5es ao Cidad\u00e3o, ferramenta via web de f\u00e1cil acesso e aberto ao p\u00fablico.Clique aqui e fa\u00e7a seu cadastro.II \u2013 telef\u00f4nico \/ SIC:Atrav\u00e9s do telefone (16) 3575-9000De segunda a sexta-feira, das 8h00 \u00e0s 17h00 III \u2013 f\u00edsico \u2013 SIC:Atrav\u00e9s do endere\u00e7o:Servi\u00e7o de Informa\u00e7\u00f5es ao Cidad\u00e3oEndere\u00e7o: Avenida Hum, n\u00ba 106 &#8211; CentroTelefone: (16) 3575-9000Pa\u00e7o Municipal (junto ao Protocolo)De segunda a sexta-feira, das 13h00 \u00e0s 17h00 IV \u2013 correspond\u00eancia:Atrav\u00e9s do endere\u00e7o:Servi\u00e7o de Informa\u00e7\u00f5es ao Cidad\u00e3oEndere\u00e7o: Avenida Hum, n\u00ba 106 &#8211; CentroCEP:13530-000 Conhe\u00e7a a legisla\u00e7\u00e3o federal sobre o tema: Lei Federal de Acesso \u00e0 Informa\u00e7\u00e3o \u2013 texto na \u00edntegra\" \/>\n<meta property=\"og:url\" content=\"https:\/\/www.itirapina.sp.gov.br\/portal\/acesso-a-informacao\/\" \/>\n<meta property=\"og:site_name\" content=\"Prefeitura Municipal de Itirapina\" \/>\n<meta property=\"article:publisher\" content=\"https:\/\/www.facebook.com\/prefeituramunicipaldeitirapina\" \/>\n<meta property=\"article:modified_time\" content=\"2025-07-04T18:14:32+00:00\" \/>\n<meta property=\"og:image\" content=\"https:\/\/www.itirapina.sp.gov.br\/portal\/wp-content\/uploads\/2023\/06\/brasao_etiqueta.jpg\" \/>\n\t<meta property=\"og:image:width\" content=\"537\" \/>\n\t<meta property=\"og:image:height\" content=\"587\" \/>\n\t<meta property=\"og:image:type\" content=\"image\/jpeg\" \/>\n<meta name=\"twitter:card\" content=\"summary_large_image\" \/>\n<meta name=\"twitter:label1\" content=\"Est. tempo de leitura\" \/>\n\t<meta name=\"twitter:data1\" content=\"2 minutos\" \/>\n<script type=\"application\/ld+json\" class=\"yoast-schema-graph\">{\"@context\":\"https:\\\/\\\/schema.org\",\"@graph\":[{\"@type\":\"WebPage\",\"@id\":\"https:\\\/\\\/www.itirapina.sp.gov.br\\\/portal\\\/acesso-a-informacao\\\/\",\"url\":\"https:\\\/\\\/www.itirapina.sp.gov.br\\\/portal\\\/acesso-a-informacao\\\/\",\"name\":\"Acesso a Informa\u00e7\u00e3o - Prefeitura Municipal de Itirapina\",\"isPartOf\":{\"@id\":\"https:\\\/\\\/www.itirapina.sp.gov.br\\\/portal\\\/#website\"},\"datePublished\":\"2023-06-15T19:06:00+00:00\",\"dateModified\":\"2025-07-04T18:14:32+00:00\",\"breadcrumb\":{\"@id\":\"https:\\\/\\\/www.itirapina.sp.gov.br\\\/portal\\\/acesso-a-informacao\\\/#breadcrumb\"},\"inLanguage\":\"pt-BR\",\"potentialAction\":[{\"@type\":\"ReadAction\",\"target\":[\"https:\\\/\\\/www.itirapina.sp.gov.br\\\/portal\\\/acesso-a-informacao\\\/\"]}]},{\"@type\":\"BreadcrumbList\",\"@id\":\"https:\\\/\\\/www.itirapina.sp.gov.br\\\/portal\\\/acesso-a-informacao\\\/#breadcrumb\",\"itemListElement\":[{\"@type\":\"ListItem\",\"position\":1,\"name\":\"In\u00edcio\",\"item\":\"https:\\\/\\\/www.itirapina.sp.gov.br\\\/portal\\\/\"},{\"@type\":\"ListItem\",\"position\":2,\"name\":\"Acesso a Informa\u00e7\u00e3o\"}]},{\"@type\":\"WebSite\",\"@id\":\"https:\\\/\\\/www.itirapina.sp.gov.br\\\/portal\\\/#website\",\"url\":\"https:\\\/\\\/www.itirapina.sp.gov.br\\\/portal\\\/\",\"name\":\"Prefeitura Municipal de Itirapina\",\"description\":\"Portal da Prefeitura de Itirapina\",\"publisher\":{\"@id\":\"https:\\\/\\\/www.itirapina.sp.gov.br\\\/portal\\\/#organization\"},\"alternateName\":\"Prefeitura de Itirapina\",\"potentialAction\":[{\"@type\":\"SearchAction\",\"target\":{\"@type\":\"EntryPoint\",\"urlTemplate\":\"https:\\\/\\\/www.itirapina.sp.gov.br\\\/portal\\\/?s={search_term_string}\"},\"query-input\":{\"@type\":\"PropertyValueSpecification\",\"valueRequired\":true,\"valueName\":\"search_term_string\"}}],\"inLanguage\":\"pt-BR\"},{\"@type\":\"Organization\",\"@id\":\"https:\\\/\\\/www.itirapina.sp.gov.br\\\/portal\\\/#organization\",\"name\":\"Prefeitura Municipal de Itirapina\",\"alternateName\":\"Prefeitura de Itirapina\",\"url\":\"https:\\\/\\\/www.itirapina.sp.gov.br\\\/portal\\\/\",\"logo\":{\"@type\":\"ImageObject\",\"inLanguage\":\"pt-BR\",\"@id\":\"https:\\\/\\\/www.itirapina.sp.gov.br\\\/portal\\\/#\\\/schema\\\/logo\\\/image\\\/\",\"url\":\"https:\\\/\\\/www.itirapina.sp.gov.br\\\/portal\\\/wp-content\\\/uploads\\\/2023\\\/06\\\/brasao_etiqueta.jpg\",\"contentUrl\":\"https:\\\/\\\/www.itirapina.sp.gov.br\\\/portal\\\/wp-content\\\/uploads\\\/2023\\\/06\\\/brasao_etiqueta.jpg\",\"width\":537,\"height\":587,\"caption\":\"Prefeitura Municipal de Itirapina\"},\"image\":{\"@id\":\"https:\\\/\\\/www.itirapina.sp.gov.br\\\/portal\\\/#\\\/schema\\\/logo\\\/image\\\/\"},\"sameAs\":[\"https:\\\/\\\/www.facebook.com\\\/prefeituramunicipaldeitirapina\",\"https:\\\/\\\/www.instagram.com\\\/itirapinaturismo\\\/\"]}]}<\/script>\n<!-- \/ Yoast SEO plugin. -->","yoast_head_json":{"title":"Acesso a Informa\u00e7\u00e3o - Prefeitura Municipal de Itirapina","robots":{"index":"index","follow":"follow","max-snippet":"max-snippet:-1","max-image-preview":"max-image-preview:large","max-video-preview":"max-video-preview:-1"},"canonical":"https:\/\/www.itirapina.sp.gov.br\/portal\/acesso-a-informacao\/","og_locale":"pt_BR","og_type":"article","og_title":"Acesso a Informa\u00e7\u00e3o - Prefeitura Municipal de Itirapina","og_description":"Saiba mais sobre: Transpar\u00eancia Atualmente, \u00e9 grande o movimento em prol da transpar\u00eancia governamental e da participa\u00e7\u00e3o da sociedade na gest\u00e3o p\u00fablica. Grandes eventos e estudos tem sido realizados, bem como a legisla\u00e7\u00e3o vem se aprimorando no sentido de permitir ao cidad\u00e3o uma situa\u00e7\u00e3o de respeito quando o assunto \u00e9 fiscaliza\u00e7\u00e3o do gasto p\u00fablico e implementa\u00e7\u00e3o de pol\u00edticas. No dia 16 de maio de 2012, entrou em vigor a Lei Federal n\u00ba 12.527 \u2013 Lei de Acesso \u00e0 Informa\u00e7\u00e3o, sancionada em 18 de novembro de 2011 pela Presidenta Dilma Rousseff. A Lei regulamenta o direito constitucional de acesso dos cidad\u00e3os \u00e0s informa\u00e7\u00f5es p\u00fablicas e \u00e9 aplic\u00e1vel aos tr\u00eas Poderes da Uni\u00e3o, dos Estados, do Distrito Federal e dos Munic\u00edpios. A Prefeitura de Itirapina j\u00e1 oferece ao cidad\u00e3o uma s\u00e9rie de informa\u00e7\u00f5es referentes \u00e0s receitas e despesas municipais, no Portal da Transpar\u00eancia: Clique aqui para acessar o e-SIC A Transpar\u00eancia Passiva consiste no pedido de informa\u00e7\u00f5es n\u00e3o inseridas na Internet, solicitadas por meio f\u00edsico, virtual, telef\u00f4nico ou por correspond\u00eancia. O cidad\u00e3o poder\u00e1 efetuar o pedido de acesso \u00e0 informa\u00e7\u00f5es por meio dos seguintes canais: Servi\u00e7o de Informa\u00e7\u00e3o ao Cidad\u00e3o I \u2013 eletronico \/ e-SIC:Sistema Eletr\u00f4nico do Servi\u00e7o de Informa\u00e7\u00f5es ao Cidad\u00e3o, ferramenta via web de f\u00e1cil acesso e aberto ao p\u00fablico.Clique aqui e fa\u00e7a seu cadastro.II \u2013 telef\u00f4nico \/ SIC:Atrav\u00e9s do telefone (16) 3575-9000De segunda a sexta-feira, das 8h00 \u00e0s 17h00 III \u2013 f\u00edsico \u2013 SIC:Atrav\u00e9s do endere\u00e7o:Servi\u00e7o de Informa\u00e7\u00f5es ao Cidad\u00e3oEndere\u00e7o: Avenida Hum, n\u00ba 106 &#8211; CentroTelefone: (16) 3575-9000Pa\u00e7o Municipal (junto ao Protocolo)De segunda a sexta-feira, das 13h00 \u00e0s 17h00 IV \u2013 correspond\u00eancia:Atrav\u00e9s do endere\u00e7o:Servi\u00e7o de Informa\u00e7\u00f5es ao Cidad\u00e3oEndere\u00e7o: Avenida Hum, n\u00ba 106 &#8211; CentroCEP:13530-000 Conhe\u00e7a a legisla\u00e7\u00e3o federal sobre o tema: Lei Federal de Acesso \u00e0 Informa\u00e7\u00e3o \u2013 texto na \u00edntegra","og_url":"https:\/\/www.itirapina.sp.gov.br\/portal\/acesso-a-informacao\/","og_site_name":"Prefeitura Municipal de Itirapina","article_publisher":"https:\/\/www.facebook.com\/prefeituramunicipaldeitirapina","article_modified_time":"2025-07-04T18:14:32+00:00","og_image":[{"width":537,"height":587,"url":"https:\/\/www.itirapina.sp.gov.br\/portal\/wp-content\/uploads\/2023\/06\/brasao_etiqueta.jpg","type":"image\/jpeg"}],"twitter_card":"summary_large_image","twitter_misc":{"Est. tempo de leitura":"2 minutos"},"schema":{"@context":"https:\/\/schema.org","@graph":[{"@type":"WebPage","@id":"https:\/\/www.itirapina.sp.gov.br\/portal\/acesso-a-informacao\/","url":"https:\/\/www.itirapina.sp.gov.br\/portal\/acesso-a-informacao\/","name":"Acesso a Informa\u00e7\u00e3o - Prefeitura Municipal de Itirapina","isPartOf":{"@id":"https:\/\/www.itirapina.sp.gov.br\/portal\/#website"},"datePublished":"2023-06-15T19:06:00+00:00","dateModified":"2025-07-04T18:14:32+00:00","breadcrumb":{"@id":"https:\/\/www.itirapina.sp.gov.br\/portal\/acesso-a-informacao\/#breadcrumb"},"inLanguage":"pt-BR","potentialAction":[{"@type":"ReadAction","target":["https:\/\/www.itirapina.sp.gov.br\/portal\/acesso-a-informacao\/"]}]},{"@type":"BreadcrumbList","@id":"https:\/\/www.itirapina.sp.gov.br\/portal\/acesso-a-informacao\/#breadcrumb","itemListElement":[{"@type":"ListItem","position":1,"name":"In\u00edcio","item":"https:\/\/www.itirapina.sp.gov.br\/portal\/"},{"@type":"ListItem","position":2,"name":"Acesso a Informa\u00e7\u00e3o"}]},{"@type":"WebSite","@id":"https:\/\/www.itirapina.sp.gov.br\/portal\/#website","url":"https:\/\/www.itirapina.sp.gov.br\/portal\/","name":"Prefeitura Municipal de Itirapina","description":"Portal da Prefeitura de Itirapina","publisher":{"@id":"https:\/\/www.itirapina.sp.gov.br\/portal\/#organization"},"alternateName":"Prefeitura de Itirapina","potentialAction":[{"@type":"SearchAction","target":{"@type":"EntryPoint","urlTemplate":"https:\/\/www.itirapina.sp.gov.br\/portal\/?s={search_term_string}"},"query-input":{"@type":"PropertyValueSpecification","valueRequired":true,"valueName":"search_term_string"}}],"inLanguage":"pt-BR"},{"@type":"Organization","@id":"https:\/\/www.itirapina.sp.gov.br\/portal\/#organization","name":"Prefeitura Municipal de Itirapina","alternateName":"Prefeitura de Itirapina","url":"https:\/\/www.itirapina.sp.gov.br\/portal\/","logo":{"@type":"ImageObject","inLanguage":"pt-BR","@id":"https:\/\/www.itirapina.sp.gov.br\/portal\/#\/schema\/logo\/image\/","url":"https:\/\/www.itirapina.sp.gov.br\/portal\/wp-content\/uploads\/2023\/06\/brasao_etiqueta.jpg","contentUrl":"https:\/\/www.itirapina.sp.gov.br\/portal\/wp-content\/uploads\/2023\/06\/brasao_etiqueta.jpg","width":537,"height":587,"caption":"Prefeitura Municipal de Itirapina"},"image":{"@id":"https:\/\/www.itirapina.sp.gov.br\/portal\/#\/schema\/logo\/image\/"},"sameAs":["https:\/\/www.facebook.com\/prefeituramunicipaldeitirapina","https:\/\/www.instagram.com\/itirapinaturismo\/"]}]}},"_links":{"self":[{"href":"https:\/\/www.itirapina.sp.gov.br\/portal\/wp-json\/wp\/v2\/pages\/239","targetHints":{"allow":["GET"]}}],"collection":[{"href":"https:\/\/www.itirapina.sp.gov.br\/portal\/wp-json\/wp\/v2\/pages"}],"about":[{"href":"https:\/\/www.itirapina.sp.gov.br\/portal\/wp-json\/wp\/v2\/types\/page"}],"author":[{"embeddable":true,"href":"https:\/\/www.itirapina.sp.gov.br\/portal\/wp-json\/wp\/v2\/users\/1"}],"replies":[{"embeddable":true,"href":"https:\/\/www.itirapina.sp.gov.br\/portal\/wp-json\/wp\/v2\/comments?post=239"}],"version-history":[{"count":16,"href":"https:\/\/www.itirapina.sp.gov.br\/portal\/wp-json\/wp\/v2\/pages\/239\/revisions"}],"predecessor-version":[{"id":5934,"href":"https:\/\/www.itirapina.sp.gov.br\/portal\/wp-json\/wp\/v2\/pages\/239\/revisions\/5934"}],"wp:attachment":[{"href":"https:\/\/www.itirapina.sp.gov.br\/portal\/wp-json\/wp\/v2\/media?parent=239"}],"curies":[{"name":"wp","href":"https:\/\/api.w.org\/{rel}","templated":true}]}}