{"id":2050,"date":"2024-04-01T00:01:00","date_gmt":"2024-04-01T03:01:00","guid":{"rendered":"https:\/\/www.itirapina.sp.gov.br\/portal\/?page_id=2050"},"modified":"2023-12-29T13:57:07","modified_gmt":"2023-12-29T16:57:07","slug":"orcamento-participativo","status":"publish","type":"page","link":"https:\/\/www.itirapina.sp.gov.br\/portal\/orcamento-participativo\/","title":{"rendered":"Or\u00e7amento Participativo 2025\/2026"},"content":{"rendered":"\n<p class=\"wp-block-paragraph\">A Prefeitura Municipal de Itirapina inicia 2025 com os olhos voltados para o futuro, j\u00e1 pensando nas prioridades e a\u00e7\u00f5es que ir\u00e3o beneficiar nossa cidade em 2026. Sabemos que a constru\u00e7\u00e3o de um munic\u00edpio melhor se faz com a participa\u00e7\u00e3o de todos, por isso, queremos ouvir voc\u00ea!<\/p>\n\n\n\n<p class=\"wp-block-paragraph\">Convidamos os cidad\u00e3os a participar do planejamento do pr\u00f3ximo ano, ajudando a decidir quais projetos e iniciativas ser\u00e3o priorizados. Confira as op\u00e7\u00f5es abaixo e escolha, no m\u00e1ximo, 5 sugest\u00f5es que voc\u00ea considera mais importantes para o desenvolvimento de nossa cidade.<\/p>\n\n\n\n<p class=\"wp-block-paragraph\">Sua voz \u00e9 fundamental para definirmos juntos os caminhos que ir\u00e3o transformar Itirapina em um lugar ainda melhor para viver. Participe e fa\u00e7a a diferen\u00e7a!<\/p>\n\n\n\n<hr class=\"wp-block-separator has-alpha-channel-opacity\"\/>\n\n\n\n<h3 class=\"wp-block-heading\"><strong>VOTA\u00c7\u00c3O ENCERRADA.<\/strong><\/h3>\n","protected":false},"excerpt":{"rendered":"<p>A Prefeitura Municipal de Itirapina inicia 2025 com os olhos voltados para o futuro, j\u00e1 pensando nas prioridades e a\u00e7\u00f5es que ir\u00e3o beneficiar nossa cidade em 2026. Sabemos que a constru\u00e7\u00e3o de um munic\u00edpio melhor se faz com a participa\u00e7\u00e3o de todos, por isso, queremos ouvir voc\u00ea! Convidamos os cidad\u00e3os a participar do planejamento do pr\u00f3ximo ano, ajudando a decidir quais projetos e iniciativas ser\u00e3o priorizados. Confira as op\u00e7\u00f5es abaixo e escolha, no m\u00e1ximo, 5 sugest\u00f5es que voc\u00ea considera mais importantes para o desenvolvimento de nossa cidade. Sua voz \u00e9 fundamental para definirmos juntos os caminhos que ir\u00e3o transformar Itirapina em um lugar ainda melhor para viver. Participe e fa\u00e7a a diferen\u00e7a! VOTA\u00c7\u00c3O ENCERRADA.<\/p>\n","protected":false},"author":1,"featured_media":2060,"parent":0,"menu_order":0,"comment_status":"closed","ping_status":"closed","template":"","meta":{"_crdt_document":"","footnotes":""},"class_list":["post-2050","page","type-page","status-publish","has-post-thumbnail","hentry"],"yoast_head":"<!-- This site is optimized with the Yoast SEO plugin v27.4 - https:\/\/yoast.com\/product\/yoast-seo-wordpress\/ -->\n<title>Or\u00e7amento Participativo 2025\/2026 - Prefeitura Municipal de Itirapina<\/title>\n<meta name=\"robots\" content=\"index, follow, max-snippet:-1, max-image-preview:large, max-video-preview:-1\" \/>\n<link rel=\"canonical\" href=\"https:\/\/www.itirapina.sp.gov.br\/portal\/orcamento-participativo\/\" \/>\n<meta property=\"og:locale\" content=\"pt_BR\" \/>\n<meta property=\"og:type\" content=\"article\" \/>\n<meta property=\"og:title\" content=\"Or\u00e7amento Participativo 2025\/2026 - Prefeitura Municipal de Itirapina\" \/>\n<meta property=\"og:description\" content=\"A Prefeitura Municipal de Itirapina inicia 2025 com os olhos voltados para o futuro, j\u00e1 pensando nas prioridades e a\u00e7\u00f5es que ir\u00e3o beneficiar nossa cidade em 2026. Sabemos que a constru\u00e7\u00e3o de um munic\u00edpio melhor se faz com a participa\u00e7\u00e3o de todos, por isso, queremos ouvir voc\u00ea! Convidamos os cidad\u00e3os a participar do planejamento do pr\u00f3ximo ano, ajudando a decidir quais projetos e iniciativas ser\u00e3o priorizados. Confira as op\u00e7\u00f5es abaixo e escolha, no m\u00e1ximo, 5 sugest\u00f5es que voc\u00ea considera mais importantes para o desenvolvimento de nossa cidade. Sua voz \u00e9 fundamental para definirmos juntos os caminhos que ir\u00e3o transformar Itirapina em um lugar ainda melhor para viver. Participe e fa\u00e7a a diferen\u00e7a! VOTA\u00c7\u00c3O ENCERRADA.\" \/>\n<meta property=\"og:url\" content=\"https:\/\/www.itirapina.sp.gov.br\/portal\/orcamento-participativo\/\" \/>\n<meta property=\"og:site_name\" content=\"Prefeitura Municipal de Itirapina\" \/>\n<meta property=\"article:publisher\" content=\"https:\/\/www.facebook.com\/prefeituramunicipaldeitirapina\" \/>\n<meta property=\"og:image\" content=\"https:\/\/www.itirapina.sp.gov.br\/portal\/wp-content\/uploads\/2023\/12\/cabecalho-01.jpg\" \/>\n\t<meta property=\"og:image:width\" content=\"1200\" \/>\n\t<meta property=\"og:image:height\" content=\"372\" \/>\n\t<meta property=\"og:image:type\" content=\"image\/jpeg\" \/>\n<meta name=\"twitter:card\" content=\"summary_large_image\" \/>\n<meta name=\"twitter:label1\" content=\"Est. tempo de leitura\" \/>\n\t<meta name=\"twitter:data1\" content=\"1 minuto\" \/>\n<script type=\"application\/ld+json\" class=\"yoast-schema-graph\">{\"@context\":\"https:\\\/\\\/schema.org\",\"@graph\":[{\"@type\":\"WebPage\",\"@id\":\"https:\\\/\\\/www.itirapina.sp.gov.br\\\/portal\\\/orcamento-participativo\\\/\",\"url\":\"https:\\\/\\\/www.itirapina.sp.gov.br\\\/portal\\\/orcamento-participativo\\\/\",\"name\":\"Or\u00e7amento Participativo 2025\\\/2026 - Prefeitura Municipal de Itirapina\",\"isPartOf\":{\"@id\":\"https:\\\/\\\/www.itirapina.sp.gov.br\\\/portal\\\/#website\"},\"primaryImageOfPage\":{\"@id\":\"https:\\\/\\\/www.itirapina.sp.gov.br\\\/portal\\\/orcamento-participativo\\\/#primaryimage\"},\"image\":{\"@id\":\"https:\\\/\\\/www.itirapina.sp.gov.br\\\/portal\\\/orcamento-participativo\\\/#primaryimage\"},\"thumbnailUrl\":\"https:\\\/\\\/www.itirapina.sp.gov.br\\\/portal\\\/wp-content\\\/uploads\\\/2023\\\/12\\\/cabecalho-01.jpg\",\"datePublished\":\"2024-04-01T03:01:00+00:00\",\"breadcrumb\":{\"@id\":\"https:\\\/\\\/www.itirapina.sp.gov.br\\\/portal\\\/orcamento-participativo\\\/#breadcrumb\"},\"inLanguage\":\"pt-BR\",\"potentialAction\":[{\"@type\":\"ReadAction\",\"target\":[\"https:\\\/\\\/www.itirapina.sp.gov.br\\\/portal\\\/orcamento-participativo\\\/\"]}]},{\"@type\":\"ImageObject\",\"inLanguage\":\"pt-BR\",\"@id\":\"https:\\\/\\\/www.itirapina.sp.gov.br\\\/portal\\\/orcamento-participativo\\\/#primaryimage\",\"url\":\"https:\\\/\\\/www.itirapina.sp.gov.br\\\/portal\\\/wp-content\\\/uploads\\\/2023\\\/12\\\/cabecalho-01.jpg\",\"contentUrl\":\"https:\\\/\\\/www.itirapina.sp.gov.br\\\/portal\\\/wp-content\\\/uploads\\\/2023\\\/12\\\/cabecalho-01.jpg\",\"width\":1200,\"height\":372,\"caption\":\"Bem-vindo!\"},{\"@type\":\"BreadcrumbList\",\"@id\":\"https:\\\/\\\/www.itirapina.sp.gov.br\\\/portal\\\/orcamento-participativo\\\/#breadcrumb\",\"itemListElement\":[{\"@type\":\"ListItem\",\"position\":1,\"name\":\"In\u00edcio\",\"item\":\"https:\\\/\\\/www.itirapina.sp.gov.br\\\/portal\\\/\"},{\"@type\":\"ListItem\",\"position\":2,\"name\":\"Or\u00e7amento Participativo 2025\\\/2026\"}]},{\"@type\":\"WebSite\",\"@id\":\"https:\\\/\\\/www.itirapina.sp.gov.br\\\/portal\\\/#website\",\"url\":\"https:\\\/\\\/www.itirapina.sp.gov.br\\\/portal\\\/\",\"name\":\"Prefeitura Municipal de Itirapina\",\"description\":\"Portal da Prefeitura de Itirapina\",\"publisher\":{\"@id\":\"https:\\\/\\\/www.itirapina.sp.gov.br\\\/portal\\\/#organization\"},\"alternateName\":\"Prefeitura de Itirapina\",\"potentialAction\":[{\"@type\":\"SearchAction\",\"target\":{\"@type\":\"EntryPoint\",\"urlTemplate\":\"https:\\\/\\\/www.itirapina.sp.gov.br\\\/portal\\\/?s={search_term_string}\"},\"query-input\":{\"@type\":\"PropertyValueSpecification\",\"valueRequired\":true,\"valueName\":\"search_term_string\"}}],\"inLanguage\":\"pt-BR\"},{\"@type\":\"Organization\",\"@id\":\"https:\\\/\\\/www.itirapina.sp.gov.br\\\/portal\\\/#organization\",\"name\":\"Prefeitura Municipal de Itirapina\",\"alternateName\":\"Prefeitura de Itirapina\",\"url\":\"https:\\\/\\\/www.itirapina.sp.gov.br\\\/portal\\\/\",\"logo\":{\"@type\":\"ImageObject\",\"inLanguage\":\"pt-BR\",\"@id\":\"https:\\\/\\\/www.itirapina.sp.gov.br\\\/portal\\\/#\\\/schema\\\/logo\\\/image\\\/\",\"url\":\"https:\\\/\\\/www.itirapina.sp.gov.br\\\/portal\\\/wp-content\\\/uploads\\\/2023\\\/06\\\/brasao_etiqueta.jpg\",\"contentUrl\":\"https:\\\/\\\/www.itirapina.sp.gov.br\\\/portal\\\/wp-content\\\/uploads\\\/2023\\\/06\\\/brasao_etiqueta.jpg\",\"width\":537,\"height\":587,\"caption\":\"Prefeitura Municipal de Itirapina\"},\"image\":{\"@id\":\"https:\\\/\\\/www.itirapina.sp.gov.br\\\/portal\\\/#\\\/schema\\\/logo\\\/image\\\/\"},\"sameAs\":[\"https:\\\/\\\/www.facebook.com\\\/prefeituramunicipaldeitirapina\",\"https:\\\/\\\/www.instagram.com\\\/itirapinaturismo\\\/\"]}]}<\/script>\n<!-- \/ Yoast SEO plugin. -->","yoast_head_json":{"title":"Or\u00e7amento Participativo 2025\/2026 - Prefeitura Municipal de Itirapina","robots":{"index":"index","follow":"follow","max-snippet":"max-snippet:-1","max-image-preview":"max-image-preview:large","max-video-preview":"max-video-preview:-1"},"canonical":"https:\/\/www.itirapina.sp.gov.br\/portal\/orcamento-participativo\/","og_locale":"pt_BR","og_type":"article","og_title":"Or\u00e7amento Participativo 2025\/2026 - Prefeitura Municipal de Itirapina","og_description":"A Prefeitura Municipal de Itirapina inicia 2025 com os olhos voltados para o futuro, j\u00e1 pensando nas prioridades e a\u00e7\u00f5es que ir\u00e3o beneficiar nossa cidade em 2026. Sabemos que a constru\u00e7\u00e3o de um munic\u00edpio melhor se faz com a participa\u00e7\u00e3o de todos, por isso, queremos ouvir voc\u00ea! Convidamos os cidad\u00e3os a participar do planejamento do pr\u00f3ximo ano, ajudando a decidir quais projetos e iniciativas ser\u00e3o priorizados. Confira as op\u00e7\u00f5es abaixo e escolha, no m\u00e1ximo, 5 sugest\u00f5es que voc\u00ea considera mais importantes para o desenvolvimento de nossa cidade. Sua voz \u00e9 fundamental para definirmos juntos os caminhos que ir\u00e3o transformar Itirapina em um lugar ainda melhor para viver. Participe e fa\u00e7a a diferen\u00e7a! VOTA\u00c7\u00c3O ENCERRADA.","og_url":"https:\/\/www.itirapina.sp.gov.br\/portal\/orcamento-participativo\/","og_site_name":"Prefeitura Municipal de Itirapina","article_publisher":"https:\/\/www.facebook.com\/prefeituramunicipaldeitirapina","og_image":[{"width":1200,"height":372,"url":"https:\/\/www.itirapina.sp.gov.br\/portal\/wp-content\/uploads\/2023\/12\/cabecalho-01.jpg","type":"image\/jpeg"}],"twitter_card":"summary_large_image","twitter_misc":{"Est. tempo de leitura":"1 minuto"},"schema":{"@context":"https:\/\/schema.org","@graph":[{"@type":"WebPage","@id":"https:\/\/www.itirapina.sp.gov.br\/portal\/orcamento-participativo\/","url":"https:\/\/www.itirapina.sp.gov.br\/portal\/orcamento-participativo\/","name":"Or\u00e7amento Participativo 2025\/2026 - Prefeitura Municipal de Itirapina","isPartOf":{"@id":"https:\/\/www.itirapina.sp.gov.br\/portal\/#website"},"primaryImageOfPage":{"@id":"https:\/\/www.itirapina.sp.gov.br\/portal\/orcamento-participativo\/#primaryimage"},"image":{"@id":"https:\/\/www.itirapina.sp.gov.br\/portal\/orcamento-participativo\/#primaryimage"},"thumbnailUrl":"https:\/\/www.itirapina.sp.gov.br\/portal\/wp-content\/uploads\/2023\/12\/cabecalho-01.jpg","datePublished":"2024-04-01T03:01:00+00:00","breadcrumb":{"@id":"https:\/\/www.itirapina.sp.gov.br\/portal\/orcamento-participativo\/#breadcrumb"},"inLanguage":"pt-BR","potentialAction":[{"@type":"ReadAction","target":["https:\/\/www.itirapina.sp.gov.br\/portal\/orcamento-participativo\/"]}]},{"@type":"ImageObject","inLanguage":"pt-BR","@id":"https:\/\/www.itirapina.sp.gov.br\/portal\/orcamento-participativo\/#primaryimage","url":"https:\/\/www.itirapina.sp.gov.br\/portal\/wp-content\/uploads\/2023\/12\/cabecalho-01.jpg","contentUrl":"https:\/\/www.itirapina.sp.gov.br\/portal\/wp-content\/uploads\/2023\/12\/cabecalho-01.jpg","width":1200,"height":372,"caption":"Bem-vindo!"},{"@type":"BreadcrumbList","@id":"https:\/\/www.itirapina.sp.gov.br\/portal\/orcamento-participativo\/#breadcrumb","itemListElement":[{"@type":"ListItem","position":1,"name":"In\u00edcio","item":"https:\/\/www.itirapina.sp.gov.br\/portal\/"},{"@type":"ListItem","position":2,"name":"Or\u00e7amento Participativo 2025\/2026"}]},{"@type":"WebSite","@id":"https:\/\/www.itirapina.sp.gov.br\/portal\/#website","url":"https:\/\/www.itirapina.sp.gov.br\/portal\/","name":"Prefeitura Municipal de Itirapina","description":"Portal da Prefeitura de Itirapina","publisher":{"@id":"https:\/\/www.itirapina.sp.gov.br\/portal\/#organization"},"alternateName":"Prefeitura de Itirapina","potentialAction":[{"@type":"SearchAction","target":{"@type":"EntryPoint","urlTemplate":"https:\/\/www.itirapina.sp.gov.br\/portal\/?s={search_term_string}"},"query-input":{"@type":"PropertyValueSpecification","valueRequired":true,"valueName":"search_term_string"}}],"inLanguage":"pt-BR"},{"@type":"Organization","@id":"https:\/\/www.itirapina.sp.gov.br\/portal\/#organization","name":"Prefeitura Municipal de Itirapina","alternateName":"Prefeitura de Itirapina","url":"https:\/\/www.itirapina.sp.gov.br\/portal\/","logo":{"@type":"ImageObject","inLanguage":"pt-BR","@id":"https:\/\/www.itirapina.sp.gov.br\/portal\/#\/schema\/logo\/image\/","url":"https:\/\/www.itirapina.sp.gov.br\/portal\/wp-content\/uploads\/2023\/06\/brasao_etiqueta.jpg","contentUrl":"https:\/\/www.itirapina.sp.gov.br\/portal\/wp-content\/uploads\/2023\/06\/brasao_etiqueta.jpg","width":537,"height":587,"caption":"Prefeitura Municipal de Itirapina"},"image":{"@id":"https:\/\/www.itirapina.sp.gov.br\/portal\/#\/schema\/logo\/image\/"},"sameAs":["https:\/\/www.facebook.com\/prefeituramunicipaldeitirapina","https:\/\/www.instagram.com\/itirapinaturismo\/"]}]}},"_links":{"self":[{"href":"https:\/\/www.itirapina.sp.gov.br\/portal\/wp-json\/wp\/v2\/pages\/2050","targetHints":{"allow":["GET"]}}],"collection":[{"href":"https:\/\/www.itirapina.sp.gov.br\/portal\/wp-json\/wp\/v2\/pages"}],"about":[{"href":"https:\/\/www.itirapina.sp.gov.br\/portal\/wp-json\/wp\/v2\/types\/page"}],"author":[{"embeddable":true,"href":"https:\/\/www.itirapina.sp.gov.br\/portal\/wp-json\/wp\/v2\/users\/1"}],"replies":[{"embeddable":true,"href":"https:\/\/www.itirapina.sp.gov.br\/portal\/wp-json\/wp\/v2\/comments?post=2050"}],"version-history":[{"count":12,"href":"https:\/\/www.itirapina.sp.gov.br\/portal\/wp-json\/wp\/v2\/pages\/2050\/revisions"}],"predecessor-version":[{"id":2056,"href":"https:\/\/www.itirapina.sp.gov.br\/portal\/wp-json\/wp\/v2\/pages\/2050\/revisions\/2056"}],"wp:featuredmedia":[{"embeddable":true,"href":"https:\/\/www.itirapina.sp.gov.br\/portal\/wp-json\/wp\/v2\/media\/2060"}],"wp:attachment":[{"href":"https:\/\/www.itirapina.sp.gov.br\/portal\/wp-json\/wp\/v2\/media?parent=2050"}],"curies":[{"name":"wp","href":"https:\/\/api.w.org\/{rel}","templated":true}]}}